Let l(z) = z + 6. Let c be l(-9). Let h be ((-18)/3)/c - -1042. What is the units digit of (2/(-6))/((-12)/h)?
9
Suppose -5*z - 4 = -3*z. Let q(d) = 10*d**2 - 4*d - 3. Let j be q(z). Let v = j + -22. What is the units digit of v?
3
Suppose 5*l - 17 = -2*d, -l - 3*d - 7 = -0*l. Suppose l*w + 341 = -4*r, -79 - 265 = 4*r + 4*w. Let a = 130 + r. What is the tens digit of a?
4
Let i(s) = 3*s**3 - 5*s**2 + 4*s + 1. Suppose -5*y + c = -14, 3*y - 7 = -0*y + 2*c. What is the tens digit of i(y)?
4
Suppose n = -2*n + 18. Suppose -2 = -4*g + n*g. What is the units digit of (g + 2)/((-6)/(-114))?
9
Suppose -64*l = -59*l - 75. What is the units digit of (5 - (-1791)/l) + 3/5?
5
Suppose 0 = -4*x - 2*q + 18, q - 15 = -5*x + 6*q. Let b(z) = 2*z - 4. Let v be b(4). Suppose x*m - 4*k - 52 + 20 = 0, -v*k = 0. What is the units digit of m?
8
Let z(m) = m**3 + 3*m**2 - 3*m - 2. Let u(o) = o + 3. Let g be u(-7). Let v be z(g). Let i = -3 - v. What is the units digit of i?
3
What is the tens digit of (-15)/(-30) - (-2451)/2?
2
Let c(z) = -z**3 + 7*z**2 - 3*z - 8. Let i be c(6). Suppose 2*k = i - 0. Suppose k*r - 9*r + 92 = 0. What is the tens digit of r?
2
Let r = -96 - -65. Suppose 0 = m + 33 + 11. Let g = r - m. What is the tens digit of g?
1
Suppose 2*n + 0*l = -3*l + 18, 5*n - 35 = -5*l. Suppose -5*o + 2*a + 670 = 0, -220 = -o + n*a - 86. What is the units digit of o?
4
Suppose -115*m + 105*m = -11580. What is the units digit of m?
8
Let j(h) = 632*h**2 + h - 2. What is the hundreds digit of j(1)?
6
Let u(p) = -714*p + 150. What is the thousands digit of u(-6)?
4
Let b(p) = -p**3 - 5*p**2 - p + 5. Let w be b(-4). Let g = 39 - w. What is the tens digit of (g/6)/(2/6)?
2
Suppose -4*u + 1826 = 2*v, -2*v + 7*u = 3*u - 1826. Suppose -4*z = z - 3*t - v, 4*z = 4*t + 724. What is the units digit of z?
5
Let w(f) = -25*f**3 + 14*f**2 - 9*f. Let q(n) = 12*n**3 - 6*n**2 + 4*n. Let j(k) = 5*q(k) + 2*w(k). Suppose -3*d = -3 - 0. What is the tens digit of j(d)?
1
Let x = -1276 - -2280. What is the tens digit of x?
0
Let f(k) = 4*k + 13. Let a be f(5). Let j = 68 - a. What is the tens digit of j?
3
Let k(i) = 2*i**3 + 8*i**2 + 8*i + 24. Let d be k(-5). Let y(o) = -o**3 + 3*o - 7. Let t be y(5). Let r = d - t. What is the units digit of r?
1
Let r(i) = -3*i - 37. Let a be r(-13). Suppose a*h - 30 = 170. What is the hundreds digit of h?
1
Let c = -18 - -58. Let j = c - 11. Suppose 4*n + 65 + j = 2*v, -3*v + 5*n + 143 = 0. What is the tens digit of v?
5
Let z = -8 - -10. Let r(x) = -x**z + 37 + 6*x + 3*x - 22 - 20. What is the tens digit of r(6)?
1
Let b = 1010 - 653. Suppose 3*q = -0*q + s + b, 5*s + 345 = 3*q. What is the tens digit of q?
2
Let f = -697 - -1698. What is the tens digit of f?
0
What is the hundreds digit of (-360)/(6 - 4 - -1 - 4)?
3
Let d(x) be the third derivative of 1/6*x**3 + 1/24*x**4 + 0*x + 1/30*x**6 + 0 - 1/30*x**5 + 4*x**2. What is the tens digit of d(2)?
2
Suppose 4*j - 184 = -0. Let l = 75 - j. What is the units digit of (l/(-2))/((-3)/6)?
9
Let r(k) = 166*k**3 - 2*k**2 + 2*k - 1. Let a be (-3)/((3 - -3)/(-2)). Let w be r(a). Suppose -5*b + 0 = -w. What is the tens digit of b?
3
Suppose 2*w - 2 = 4*w, -3*l = w - 1142. What is the hundreds digit of l?
3
Suppose 4*x - 542 = -3*m + 5*m, 5*x + 5*m - 715 = 0. What is the tens digit of x?
3
Let a be 4/8*3*8/3. Suppose -96 = -5*n + 2*n + 2*h, -128 = -a*n - 5*h. What is the tens digit of n?
3
Suppose 4*j + 2*v - 3*v + 25 = 0, -2*v = -2*j - 20. Let d be (-27)/(0 - j/10). Let n = d - -83. What is the units digit of n?
9
Let t = 0 - -4. Let a(v) = 25*v**3 + 3*v + 32 - t*v - 24*v**3. What is the units digit of a(0)?
2
What is the units digit of 3411/3*(11 - 176/24)?
9
Let h = -680 + 1295. What is the tens digit of h?
1
Suppose -4 = 2*n, 2*i - 2*n - 29 = -3*i. Suppose 3*p = -5*k + 31, -i*k = -p + 3*p - 24. Suppose -6*m = -p*m + 57. What is the units digit of m?
7
Suppose -i = -9*i + i. What is the tens digit of (-18)/18 - (i + -21)?
2
Let n(j) = 3*j**2 - 3*j + 2. Let q be n(3). Let v(z) = -z**3 + 20*z**2 + 2*z - 23. What is the units digit of v(q)?
7
Suppose 0 = -3*n + 218 + 274. Let a = n - 112. Suppose b = -x + 22, 4*x + 3*b - 41 = a. What is the units digit of x?
7
Suppose -8*d = -3*d, -3*r + 8088 = -d. What is the hundreds digit of r?
6
Suppose -2*g - 13*g + 8070 = 0. What is the tens digit of g?
3
Let s = 37 + -55. What is the tens digit of s/9 + -1 + 41?
3
Suppose 2*x = 7*x - 1360. What is the units digit of (-9)/((-108)/x)*(-1 - -4)?
8
Let h = -170 - -484. What is the units digit of h?
4
Suppose -4*j = -7 - 5. What is the tens digit of (33/(-15) + j)/((-1)/(-65))?
5
What is the hundreds digit of 1980 + (8 + -9)*9?
9
Let r(a) = -2*a**2 - 2*a. Let l be r(0). Let x be (2/1)/(1/11). What is the tens digit of -4 + 3 + l + x?
2
Suppose 0 = -5*l + 5, 0 = -f + 5*l + 3 - 4. What is the tens digit of f/(-14) + 640/35?
1
Let v(y) = -6*y - 15. What is the tens digit of v(-15)?
7
Suppose 0 = 43*f - 30331 + 6767. What is the hundreds digit of f?
5
Suppose -26*h + 2489 = 227. What is the tens digit of h?
8
Let i(g) = 16*g**2 - 11*g - 10. What is the units digit of i(-4)?
0
Let g = -2918 + 4177. What is the thousands digit of g?
1
Let a(y) = y**3 - 4*y**2 + 3*y. Let u be a(2). What is the tens digit of ((-194)/3)/(u/3)?
9
Let q(o) = -11*o + 3. Let d be q(4). Suppose -x = 3*n + 46, 0*x + 62 = -4*n - 2*x. Let a = n - d. What is the tens digit of a?
2
Let l(j) = -j**3 + 13*j**2 - 26*j + 149. What is the hundreds digit of l(10)?
1
Suppose 6*s - 462 - 60 = 0. What is the tens digit of s?
8
Let i = 459 + -275. Suppose -5*o + i + 1056 = 0. What is the hundreds digit of o?
2
Let y = -445 + 990. What is the tens digit of y?
4
Let s = -164 - -170. What is the units digit of 764/s + (-56)/(-84)?
8
Let j = 18 - 15. Suppose j*r = 4*r - 26. What is the tens digit of (12/10)/(r/975)?
4
Suppose 2*h + 2*b - 94 = 0, -5*h - b + 92 = -3*h. Let q be 11*7/(21/h). Suppose -q = -3*s - 21. What is the units digit of s?
8
Let o be (1 - 1)*27/54. Let x(p) = -3*p + 82. What is the units digit of x(o)?
2
Let l(f) = 104*f - 261. What is the tens digit of l(20)?
1
Let o = 4 + 21. Let f = o + 89. What is the tens digit of f?
1
Let y be (1 - (1 - -2)) + 4. Let b(a) = -2 - 35*a + 23*a - a**y + 0. What is the tens digit of b(-9)?
2
Let t be (9 - (-12)/(-4)) + 2. Let u be (-2)/3 - t/(-3). Suppose -88 = -6*f + u*f. What is the units digit of f?
2
Suppose 2*x - j - 10 = -4*j, 0 = 4*x + j - 20. Suppose -2*y + 74 = -l, -l - 3*y + 321 = -x*l. What is the tens digit of -1 + (-5)/(10/l)?
4
Let r be 0 + (70 - -4) - 3. Let y = -61 + r. What is the units digit of y?
0
Let h = 3 + 6. Let b be 0 + (-4)/4 + 21. Suppose 13*r - h*r - b = 0. What is the units digit of r?
5
Suppose 614 = 2*y - y + 2*s, 5*y - 2*s - 3082 = 0. What is the units digit of y?
6
Let a(f) = 48*f - 44. What is the thousands digit of a(24)?
1
Suppose v + 14*r = 15*r + 2716, 0 = -2*r - 4. What is the tens digit of v?
1
Suppose -4*g = 4*r + 70 - 270, 3*r - 2*g - 140 = 0. Let m = r - 0. What is the units digit of m?
8
Let t(p) = p**3 - 4*p**2 - 7*p + 6. Let l be t(5). What is the hundreds digit of (642/(-4))/3*(l - -2)?
1
Let b(u) = 101*u**2 + 16*u + 17. What is the tens digit of b(-1)?
0
Let l = 1069 + -261. What is the hundreds digit of l?
8
Let y = -1 + 12. Let a be (20/(-6))/(y/(-264)). Suppose 3*j - 37 + 211 = 5*c, 0 = -2*c - 4*j + a. What is the units digit of c?
6
What is the units digit of 388/2910 - (-37406)/30?
7
Let o = -7 + 3. What is the hundreds digit of o - -136 - (-10)/(-2)?
1
Let y(c) = 3*c**2 - c - 7. Let f(a) = 3*a**2 - 6. Let r(s) = -3*f(s) + 4*y(s). What is the units digit of r(-4)?
4
Suppose t - 85 = -4*x + 2*x, 0 = 3*t - 3*x - 210. Suppose -3*m - t = 2*m. What is the tens digit of (-6)/m + 252/20?
1
Let o = -55 - -52. What is the hundreds digit of o*1 + 272 + -3?
2
Let p = -184 + -89. What is the tens digit of 57/(-4)*13/(p/56)?
3
Let q be 2 + (-6)/(-3)*-1. Suppose 40 = 2*k - 4*a, -5*k = -q*a - 2*a - 108. What is the units digit of k?
2
What is the hundreds digit of ((-68170)/51)/((-8)/12)?
0
Let u = 337 + 198. What is the tens digit of (15/3)/(-15) - u/(-3)?
7
Suppose -17*z + 12*z = -17155. What is the thousands digit of z?
3
Let b(m) be the second derivative of -m**5/20 - m**4